ighest common factor of 110 and 22?
22
What is the highest common divisor of 2224 and 16?
16
What is the greatest common divisor of 4520 and 80?
40
What is the greatest common factor of 21 and 24?
3
What is the greatest common factor of 1727 and 583?
11
What is the highest common factor of 15 and 135?
15
What is the greatest common factor of 98 and 350?
14
What is the greatest common divisor of 4 and 4?
4
Calculate the greatest common divisor of 52 and 4.
4
Calculate the greatest common divisor of 54 and 9342.
54
What is the highest common divisor of 1336 and 501?
167
Calculate the greatest common divisor of 551 and 57.
19
What is the greatest common factor of 58 and 7453?
29
Calculate the highest common factor of 1106 and 98.
14
Calculate the highest common factor of 1111 and 202.
101
Calculate the greatest common divisor of 7 and 133.
7
What is the greatest common factor of 796 and 16?
4
What is the highest common divisor of 45 and 195?
15
What is the greatest common factor of 10 and 590?
10
What is the greatest common divisor of 7015 and 115?
115
What is the highest common factor of 3444 and 399?
21
Calculate the greatest common factor of 30 and 2070.
30
Calculate the highest common factor of 31 and 961.
31
What is the greatest common divisor of 234 and 390?
78
What is the highest common factor of 27 and 3951?
9
What is the greatest common factor of 100 and 60?
20
What is the highest common factor of 352 and 22?
22
Calculate the greatest common factor of 7 and 938.
7
Calculate the highest common divisor of 559 and 26.
13
Calculate the greatest common factor of 22 and 1815.
11
Calculate the greatest common factor of 1918 and 14.
14
What is the greatest common factor of 6 and 5?
1
Calculate the greatest common divisor of 406 and 28.
14
Calculate the greatest common factor of 2506 and 70.
14
What is the greatest common factor of 80 and 1360?
80
What is the highest common divisor of 445 and 10?
5
Calculate the greatest common divisor of 329 and 235.
47
Calculate the highest common factor of 81 and 2997.
81
What is the highest common factor of 18 and 6918?
6
Calculate the highest common divisor of 29 and 30769.
29
What is the greatest common factor of 969 and 285?
57
What is the greatest common divisor of 1043 and 21?
7
Calculate the greatest common factor of 1782 and 11088.
198
Calculate the greatest common divisor of 38 and 38.
38
What is the greatest common factor of 83 and 10624?
83
Calculate the greatest common factor of 6697 and 543.
181
What is the greatest common divisor of 5 and 40?
5
Calculate the highest common factor of 544 and 34.
34
What is the greatest common factor of 14820 and 39?
39
Calculate the highest common factor of 377 and 299.
13
What is the highest common factor of 238 and 68?
34
What is the greatest common factor of 1 and 89?
1
Calculate the highest common divisor of 1162 and 112.
14
Calculate the greatest common divisor of 870 and 90.
30
Calculate the greatest common divisor of 41056 and 96.
32
Calculate the greatest common divisor of 26 and 91.
13
What is the greatest common factor of 37841 and 79?
79
Calculate the highest common factor of 17424 and 720.
144
Calculate the greatest common factor of 299 and 949.
13
Calculate the greatest common divisor of 250 and 75.
25
What is the greatest common factor of 96 and 2016?
96
What is the greatest common factor of 315 and 19425?
105
What is the highest common factor of 71 and 2?
1
What is the greatest common divisor of 35 and 6832?
7
Calculate the greatest common divisor of 99470 and 35.
35
Calculate the highest common divisor of 7 and 133.
7
What is the highest common factor of 5215 and 35?
35
What is the highest common divisor of 75 and 210?
15
Calculate the greatest common factor of 95 and 5.
5
What is the highest common factor of 1247 and 43?
43
What is the greatest common divisor of 1800 and 2?
2
What is the highest common factor of 5824 and 1040?
208
Calculate the greatest common divisor of 72 and 153.
9
Calculate the highest common divisor of 240 and 384.
48
What is the greatest common factor of 1302 and 168?
42
What is the highest common factor of 18 and 12?
6
What is the greatest common factor of 494 and 114?
38
What is the greatest common divisor of 356 and 13706?
178
Calculate the greatest common divisor of 4036 and 4.
4
Calculate the greatest common divisor of 2520 and 45.
45
Calculate the highest common divisor of 1761 and 9.
3
Calculate the greatest common factor of 41 and 12259.
41
What is the highest common divisor of 287 and 492?
41
What is the greatest common divisor of 10 and 19665?
5
What is the greatest common factor of 1 and 3709?
1
What is the highest common divisor of 14 and 371?
7
Calculate the greatest common factor of 19339 and 83.
83
Calculate the greatest common factor of 1161 and 215.
43
What is the greatest common divisor of 695 and 135?
5
Calculate the greatest common factor of 85 and 15.
5
What is the greatest common divisor of 12 and 852?
12
What is the highest common factor of 4438 and 14?
14
What is the greatest common factor of 42 and 5901?
21
What is the highest common divisor of 268 and 7906?
134
What is the greatest common factor of 400 and 640?
80
Calculate the highest common factor of 194 and 142784.
194
What is the highest common divisor of 165 and 99?
33
Calculate the highest common divisor of 15128 and 366.
122
Calculate the greatest common factor of 13 and 1079.
13
What is the greatest common factor of 768 and 64?
64
What is the greatest common divisor of 51 and 425?
17
Calculate the greatest common factor of 45 and 3051.
9
Calculate the greatest common divisor of 95 and 5.
5
What is the greatest common factor of 1 and 2?
1
Calculate the highest common factor of 512 and 160.
32
Calculate the highest common factor of 288 and 36.
36
What is the highest common divisor of 340 and 480?
20
What is the highest common factor of 119 and 51?
17
Calculate the greatest common divisor of 2 and 41.
1
Calculate the greatest common factor of 4 and 102.
2
What is the greatest common divisor of 10 and 470?
10
Calculate the highest common factor of 154 and 20097.
77
What is the highest common divisor of 2262 and 78?
78
What is the greatest common factor of 47 and 423?
47
What is the greatest common divisor of 27 and 231?
3
What is the highest common divisor of 2085 and 973?
139
Calculate the highest common factor of 140 and 8.
4
What is the greatest common factor of 715 and 13?
13
What is the highest common factor of 51 and 1581?
51
What is the highest common divisor of 14592 and 57?
57
What is the greatest common factor of 899 and 319?
29
Calculate the highest common factor of 18 and 6687.
9
What is the highest common divisor of 856 and 535?
107
Calculate the greatest common divisor of 92 and 16123.
23
Calculate the greatest common factor of 420 and 924.
84
Calculate the greatest common divisor of 23 and 575.
23
Calculate the greatest common factor of 44 and 319.
11
What is the greatest common divisor of 2 and 30?
2
What is the highest common divisor of 495 and 3102?
33
Calculate the greatest common factor of 432 and 1152.
144
Calculate the highest common divisor of 10 and 2290.
10
Calculate the greatest common divisor of 3417 and 2881.
67
Calculate the highest common factor of 6606 and 12.
6
Calculate the greatest common divisor of 83 and 9.
1
Calculate the greatest common factor of 90 and 45.
45
What is the highest common divisor of 94 and 47?
47
Calculate the greatest common divisor of 360 and 90.
90
What is the highest common factor of 298 and 24883?
149
What is the greatest common factor of 385 and 3003?
77
What is the greatest common factor of 7 and 749?
7
Calculate the highest common divisor of 28182 and 132.
66
What is the highest common factor of 432 and 27?
27
What is the greatest common factor of 15 and 4?
1
What is the highest common factor of 1092 and 780?
156
What is the highest common factor of 50 and 514?
2
What is the highest common divisor of 841 and 29?
29
Calculate the greatest common divisor of 53 and 424.
53
Calculate the highest common divisor of 55 and 66.
11
Calculate the greatest common factor of 37 and 19943.
37
Calculate the highest common factor of 306 and 198.
18
Calculate the greatest common divisor of 100352 